{"id":287,"date":"2015-11-26T13:42:48","date_gmt":"2015-11-26T13:42:48","guid":{"rendered":"http:\/\/www.spracheberlin.com\/nb\/?page_id=287"},"modified":"2023-04-28T16:07:05","modified_gmt":"2023-04-28T14:07:05","slug":"kunst","status":"publish","type":"page","link":"https:\/\/www.spracheberlin.com\/nb\/kunst\/","title":{"rendered":"Kunst"},"content":{"rendered":"<p>Kunst<br \/>\n\t\t\t\t\t\t\t\t\t\t\t\t\t\t\t\t\t\t\t\t\t\t\t\t\t\t\t\t\t\t\t\t\t\t\t\t\t\t\t\tI v\u00e5r lille kunstbutikk p\u00e5 Sch\u00f6nhauser Allee tilbyr vi kunstnere et forum der de kan\u00a0stille ut selge\u00a0sine arbeider. <\/p>\n<p><!-- .container --><br \/>\n\t\t\t\t\t\t\t\t <!-- .overlay --><\/p>\n<p>Kunst og kunstnere fra Berlin er v\u00e5rt tyngdepunkt sammen med spr\u00e5kskolens temaer Norge, Tyskland og Frankrike. Tilbudet omfatter alt fra postkort til&nbsp;bilder av b\u00e5de sm\u00e5tt og stort&nbsp;format. Med jevne mellomrom er nye utstillinger \u00e5 se i v\u00e5rt galleri.<\/p>\n<p><a href=\"http:\/\/veranstaltungen\/\"><br \/>\n\t\t\t\t\t\t\t\t\t\t\t\t\t\t\t\t\t\t\t\t\t\t\t\t\t\t\t\t\tVeranstaltungen\t\t\t\t\t\t\t\t\t\t\t\t\t\t\t\t\t\t\t\t\t\t\t\t\t\t\t\t\t<\/a><\/p>\n<p>Informationen zu geplanten Ausstellungen und sonstigen Veranstaltungen finden Sie hier.<br \/>\n\t\t\t\t\t\t\t\t\t\t\t\t\t\t\t\t\t\t\t\t\t\t\t\t\t\t\t\t\t\t\t\t\t\t\t\t\t<a href=\"http:\/\/veranstaltungen\/\"><br \/>\n\t\t\t\t\t\t\t\t\t\t\t\t\t\tWeiter\t\t\t\t\t\t\t\t\t\t\t\t\t<\/a><\/p>\n<p><!-- \/row --><\/p>\n<p>The Artists\t\t\t\t\t\t\t\t<\/p>\n<p><a href=\"http:\/\/www.spracheberlin.com\/en\/kenneth-proeitz\/\"><br \/>\n\t\t\t\t\t\t\t<img decoding=\"async\" loading=\"lazy\" width=\"340\" height=\"480\" src=\"https:\/\/www.spracheberlin.com\/wp-content\/uploads\/2015\/12\/Kenneth_p_2-340x480.jpg\" \/>\t\t\t\t\t\t<\/a><\/p>\n<p><a href=\"http:\/\/www.spracheberlin.com\/en\/kenneth-proeitz\/\"><br \/>\n\t\t\t\t\t\t\t\t\t\t\t\t\t\t\t\t\t\t\t\t\t\t\t\t\t\t\t\t\tKenneth Pr\u00f8itz\t\t\t\t\t\t\t\t\t\t\t\t\t\t\t\t\t\t\t\t\t\t\t\t\t\t\t\t\t<\/a><\/p>\n<p>A\u00a0Norwegian photographer, discovering abandoned places in Berlin,\u00a0which in a wild and romantic way revive the morbid charm of Berlin post-reunification times, mingled with street art, graffiti. He knows masterfully to capture the might, energy and magic that emanates from these locations.<br \/>\n\t\t\t\t\t\t\t\t\t\t\t\t\t\t\t\t\t\t\t\t\t\t\t\t\t\t\t\t\t\t\t\t\t\t\t\t\t<a href=\"http:\/\/www.spracheberlin.com\/en\/kenneth-proeitz\/\"><br \/>\n\t\t\t\t\t\t\t\t\t\t\t\t\t\tmore\t\t\t\t\t\t\t\t\t\t\t\t\t<\/a><\/p>\n<p><a href=\"http:\/\/www.spracheberlin.com\/en\/stephan-kutsch\/\"><br \/>\n\t\t\t\t\t\t\t\t\t\t\t\t\t\t\t\t\t\t\t\t\t\t\t\t\t\t\t\t\tStephan Kutsch\t\t\t\t\t\t\t\t\t\t\t\t\t\t\t\t\t\t\t\t\t\t\t\t\t\t\t\t\t<\/a><\/p>\n<p>Stephan Kutsch grew up in East Berlin. He is a dyed in the wool Berliner who&nbsp;presents his highly eclectic works at PharoDercks Sprache &amp; Kunst from the very beginning. His paintings and collages are diverse, surprising, and often satirical, ranging from cheeky to jaw-dropping.<br \/>\n\t\t\t\t\t\t\t\t\t\t\t\t\t\t\t\t\t\t\t\t\t\t\t\t\t\t\t\t\t\t\t\t\t\t\t\t\t<a href=\"http:\/\/www.spracheberlin.com\/en\/stephan-kutsch\/\"><br \/>\n\t\t\t\t\t\t\t\t\t\t\t\t\t\tmore\t\t\t\t\t\t\t\t\t\t\t\t\t<\/a><\/p>\n<p><a href=\"http:\/\/www.spracheberlin.com\/en\/saphira-kunst-sela-loex\/\"><br \/>\n\t\t\t\t\t\t\t\t\t\t\t\t\t\t\t\t\t\t\t\t\t\t\t\t\t\t\t\t\tSaphira Kunst &#8211; Sela Loex\t\t\t\t\t\t\t\t\t\t\t\t\t\t\t\t\t\t\t\t\t\t\t\t\t\t\t\t\t<\/a><\/p>\n<p>From Berlin Kreuzberg, among other graphic illustrator,\u00a0comic illustrator and animator.\u00a0Her drawings brim with various facets and unusual perspectives, from abrasive to mystical and mysterious. Occasionally tender and sensual, sometimes flashy. Always enchanting.(Foto: Sarah Bleszynski: <a href=\"https:\/\/www.facebook.com\/Sarahlikesprettygirls\/\">facebook\/Sarahlikesprettygirls\/)<\/a><br \/>\n\t\t\t\t\t\t\t\t\t\t\t\t\t\t\t\t\t\t\t\t\t\t\t\t\t\t\t\t\t\t\t\t\t\t\t\t\t<a href=\"http:\/\/www.spracheberlin.com\/en\/saphira-kunst-sela-loex\/\"><br \/>\n\t\t\t\t\t\t\t\t\t\t\t\t\t\tmore\t\t\t\t\t\t\t\t\t\t\t\t\t<\/a><\/p>\n<p><!-- \/row --><\/p>\n","protected":false},"excerpt":{"rendered":"<p class=\"excerpt\">Kunst I v\u00e5r lille kunstbutikk p\u00e5 Sch\u00f6nhauser Allee tilbyr vi kunstnere et forum der de kan\u00a0stille ut selge\u00a0sine arbeider. Kunst og kunstnere fra Berlin er v\u00e5rt tyngdepunkt sammen med spr\u00e5kskolens temaer Norge, Tyskland og Frankrike. Tilbudet omfatter alt fra postkort til&nbsp;bilder av b\u00e5de sm\u00e5tt og stort&nbsp;format. Med jevne mellomrom er nye utstillinger \u00e5 se i [&hellip;]<\/p>\n","protected":false},"author":1,"featured_media":0,"parent":0,"menu_order":0,"comment_status":"closed","ping_status":"closed","template":"builder.php","meta":[],"_links":{"self":[{"href":"https:\/\/www.spracheberlin.com\/nb\/wp-json\/wp\/v2\/pages\/287"}],"collection":[{"href":"https:\/\/www.spracheberlin.com\/nb\/wp-json\/wp\/v2\/pages"}],"about":[{"href":"https:\/\/www.spracheberlin.com\/nb\/wp-json\/wp\/v2\/types\/page"}],"author":[{"embeddable":true,"href":"https:\/\/www.spracheberlin.com\/nb\/wp-json\/wp\/v2\/users\/1"}],"replies":[{"embeddable":true,"href":"https:\/\/www.spracheberlin.com\/nb\/wp-json\/wp\/v2\/comments?post=287"}],"version-history":[{"count":4,"href":"https:\/\/www.spracheberlin.com\/nb\/wp-json\/wp\/v2\/pages\/287\/revisions"}],"predecessor-version":[{"id":23174,"href":"https:\/\/www.spracheberlin.com\/nb\/wp-json\/wp\/v2\/pages\/287\/revisions\/23174"}],"wp:attachment":[{"href":"https:\/\/www.spracheberlin.com\/nb\/wp-json\/wp\/v2\/media?parent=287"}],"curies":[{"name":"wp","href":"https:\/\/api.w.org\/{rel}","templated":true}]}}

<p>Kunst<br />
																																								I vår lille kunstbutikk på Schönhauser Allee tilbyr vi kunstnere et forum der de kan stille ut selge sine arbeider. </p>
<p><!-- .container --><br />
								 <!-- .overlay --></p>
<p>Kunst og kunstnere fra Berlin er vårt tyngdepunkt sammen med språkskolens temaer Norge, Tyskland og Frankrike. Tilbudet omfatter alt fra postkort til&nbsp;bilder av både smått og stort&nbsp;format. Med jevne mellomrom er nye utstillinger å se i vårt galleri.</p>
<p><a href="http://veranstaltungen/"><br />
																													Veranstaltungen																													</a></p>
<p>Informationen zu geplanten Ausstellungen und sonstigen Veranstaltungen finden Sie hier.<br />
																																					<a href="http://veranstaltungen/"><br />
														Weiter													</a></p>
<p><!-- /row --></p>
<p>The Artists								</p>
<p><a href="http://www.spracheberlin.com/en/kenneth-proeitz/"><br />
							<img decoding="async" loading="lazy" width="340" height="480" src="https://www.spracheberlin.com/wp-content/uploads/2015/12/Kenneth_p_2-340x480.jpg" />						</a></p>
<p><a href="http://www.spracheberlin.com/en/kenneth-proeitz/"><br />
																													Kenneth Prøitz																													</a></p>
<p>A Norwegian photographer, discovering abandoned places in Berlin, which in a wild and romantic way revive the morbid charm of Berlin post-reunification times, mingled with street art, graffiti. He knows masterfully to capture the might, energy and magic that emanates from these locations.<br />
																																					<a href="http://www.spracheberlin.com/en/kenneth-proeitz/"><br />
														more													</a></p>
<p><a href="http://www.spracheberlin.com/en/stephan-kutsch/"><br />
																													Stephan Kutsch																													</a></p>
<p>Stephan Kutsch grew up in East Berlin. He is a dyed in the wool Berliner who&nbsp;presents his highly eclectic works at PharoDercks Sprache &amp; Kunst from the very beginning. His paintings and collages are diverse, surprising, and often satirical, ranging from cheeky to jaw-dropping.<br />
																																					<a href="http://www.spracheberlin.com/en/stephan-kutsch/"><br />
														more													</a></p>
<p><a href="http://www.spracheberlin.com/en/saphira-kunst-sela-loex/"><br />
																													Saphira Kunst &#8211; Sela Loex																													</a></p>
<p>From Berlin Kreuzberg, among other graphic illustrator, comic illustrator and animator. Her drawings brim with various facets and unusual perspectives, from abrasive to mystical and mysterious. Occasionally tender and sensual, sometimes flashy. Always enchanting.(Foto: Sarah Bleszynski: <a href="https://www.facebook.com/Sarahlikesprettygirls/">facebook/Sarahlikesprettygirls/)</a><br />
																																					<a href="http://www.spracheberlin.com/en/saphira-kunst-sela-loex/"><br />
														more													</a></p>
<p><!-- /row --></p>

<p class="excerpt">Kunst I vår lille kunstbutikk på Schönhauser Allee tilbyr vi kunstnere et forum der de kan stille ut selge sine arbeider. Kunst og kunstnere fra Berlin er vårt tyngdepunkt sammen med språkskolens temaer Norge, Tyskland og Frankrike. Tilbudet omfatter alt fra postkort til&nbsp;bilder av både smått og stort&nbsp;format. Med jevne mellomrom er nye utstillinger å se i [&hellip;]</p>
